 7 + 1. Suppose -a = -v*s + 3*s - 9, 0 = 3*a + s - 43. Is 2/3*2037/a prime?
True
Let t(l) = 6*l - 5. Let z be t(3). Suppose z*q - 9821 = 6*q. Is q a prime number?
False
Suppose -17*x + 83710 = 5*x. Is x composite?
True
Suppose 0 = 3*c + 2*c - z - 12, 6 = -3*z. Suppose -4*o = -c*v - 8, 0 = 3*v - 4*v + 5*o - 13. Let b = v - -305. Is b a composite number?
False
Let i = -32 + 14. Let u = 20 + i. Suppose 5*k - u*k = 429. Is k a composite number?
True
Let o(j) = -73*j - 21. Let r be o(-12). Suppose -r = -4*c + 317. Is c prime?
True
Let b(p) be the third derivative of 913*p**6/120 + p**5/60 - p**4/8 + p**3/3 + 7*p**2. Is b(1) a composite number?
True
Let c = 3311 + -1460. Let b be (136/(-12))/(2/c). Is b/(-51) - (-2)/(-3) a composite number?
True
Let i = 21562 + -11741. Let j = -5816 + i. Suppose -5*x + 590 = -j. Is x a prime number?
True
Let q(r) = -24*r + 7. Let m(o) = 24*o - 7. Let y(a) = 4*m(a) + 3*q(a). Is y(5) prime?
True
Suppose -5*b + 102 = 2*g, -2*g + g + 61 = 3*b. Let l be (-3122)/(-10) - (-16)/b. Suppose 4*o - 4*j + l = 5*o, 2*j - 10 = 0. Is o a prime number?
True
Let c = 27 + -19. Let k(y) = -c - 15 + 13*y + 0*y + 15*y. Is k(10) a composite number?
False
Let d(z) = 3*z**2 + z - 2. Let t be d(1). Suppose -r + 2*o + t = -0, 5*r - 3*o = 17. Suppose r*p - 1005 = p. Is p a composite number?
True
Suppose 4*b + h - 4*h - 254563 = 0, 3*h - 318170 = -5*b. Is b prime?
False
Let w be 1/(3 - 2) - 2/(-1). Suppose w*d + 0*d - 1630 = -2*j, -2*d = -j + 801. Is j a prime number?
True
Suppose -2*n + 31178 = -3*m, -2*m = -m - 4. Is n prime?
False
Let p(l) = 451*l**2 - 3*l - 9. Is p(-2) composite?
False
Let j(u) = 3*u**2 - 7*u + 10. Let d(a) = a**2 + 4*a. Let z be d(-2). Let o(q) = 2*q**2 - 6*q + 9. Let x(h) = z*o(h) + 3*j(h). Is x(5) a prime number?
False
Let k = 23798 - 14185. Is k a prime number?
True
Let j(q) be the first derivative of q**3 + 5. Let h be j(1). Suppose -5*s + h*n = -6*s + 696, -n = s - 686. Is s prime?
False
Suppose 0 = 40*h - 42*h + 5198. Is h prime?
False
Suppose -3*t + 9623 + 6688 = 0. Is t prime?
True
Is -32169*(24/6)/(-12) composite?
False
Suppose 5*t - 10*t + 34735 = 0. Is t a composite number?
False
Let f(j) = 190*j + 1. Let t be (-15)/(-18) - (-3)/18. Is f(t) a prime number?
True
Let i(j) = 2 + 90*j**2 + 218*j**2 - 85*j**2 + 29*j**2 - 8*j. Is i(3) a prime number?
False
Suppose 3*p - 1036 = -151. Let g = -170 + p. Let z = 423 - g. Is z composite?
True
Let w(y) = y**2 - 15*y - 12. Let f be w(-10). Suppose 6*h - j = h + f, 3*h = -2*j + 135. Is h a composite number?
False
Suppose 0 = -4*a - 5*s + 133609, 2*a - 107343 + 40536 = -5*s. Is a a prime number?
False
Suppose w + 2*c + 165118 = 5*w, -3*w - 4*c + 123855 = 0. Is w composite?
False
Let d be 622/5 - 2/5. Let l = d + -37. Is l a prime number?
False
Let c(v) = -6 + 7*v**2 + 7*v - 5*v - 2*v + 10*v. Is c(5) a prime number?
False
Let d = -757 - 317. Let t = 1703 + d. Is t a prime number?
False
Let u(s) = 69*s**3 - s - 13. Is u(3) composite?
False
Let m be 14926/12 - 2/(-12). Let h = -24 - -27. Suppose -4*d = 8 - 4, h*z + d = m. Is z a prime number?
False
Suppose 2*s - 4 = 4. Let m(k) = 59*k - 13. Is m(s) composite?
False
Let w(f) = 197*f**2 - 7*f + 59. Is w(-12) a prime number?
False
Suppose -2*l - z = -13666, -2*l - 2*z + 13674 = -3*z. Is l a prime number?
False
Let r(g) = 58*g**2 + 2*g - 2. Let n = -24 + 25. Is r(n) a composite number?
True
Is (680532/(-18))/((-18)/27) a prime number?
True
Is -7 - 1065/6*-96 composite?
False
Let n(d) = d**2 + d + 288. Let a be n(0). Suppose h + 0*h = l + a, 4*h - 1177 = -l. Is h a prime number?
True
Let d(m) = 35*m**2 - 4. Let p(k) = -2*k - 1. Let x be p(6). Let t = x + 18. Is d(t) a composite number?
True
Suppose 52890 = -4*j + 280238. Is j a prime number?
False
Let f be (-70)/(-22) - (-2)/(-11). Suppose -3565 = -f*c + 2912. Is c composite?
True
Suppose -90*b = -91*b + 2411. Is b a composite number?
False
Suppose -3*j + 5*m + 8 + 7 = 0, 3*m = -5*j + 25. Suppose 2*i - 3*i = -u - 81, 0 = -j*i - u + 393. Is i prime?
True
Suppose 13553 = 4*f + 3*u, -5*f - 7*u + 8*u = -16946. Is f composite?
False
Suppose -5*a - 3 = 4*v, -v - v + 4*a = 8. Is 76/6*(-5 + (-43)/v) a composite number?
True
Let z = 8780 - 2173. Is z composite?
False
Suppose 129 = 5*b + 539. Let u = b - -345. Is u composite?
False
Suppose 7*n - 19 = -26. Is ((-28)/(-70))/(n/10) - -385 composite?
True
Let c(t) = t**2 + 10*t + 13. Let v be c(-9). Suppose 2*x - 1770 = -v*s, x + s - 884 = -2*s. Is x a prime number?
True
Let v(d) = -27*d**3 - 9*d**2 - 3*d + 5. Let i = -66 + 62. Is v(i) prime?
True
Suppose 91010 = 14*n - 57908. Is n composite?
True
Let z(v) = 4*v**2 - v. Let c be z(-1). Suppose 0 = j - 1, c*j - 185 = -3*f + 2*f. Suppose -d = -41 - f. Is d composite?
True
Let d = 14533 - -2646. Is d a prime number?
False
Suppose 3*l + 0*l = 18. Suppose l + 8 = -2*m. Is 2/7 + (-96)/m a prime number?
False
Suppose -24499 = -2*p + n, -46*p = -43*p - 4*n - 36741. Is p composite?
False
Let l(y) = y**2 + 4*y - 15. Let q be l(-7). Suppose -2*k - 4308 = -q*k. Is k a prime number?
False
Suppose 3*v + a + 7542 + 2677 = 0, -5*v - 17013 = -3*a. Let w be (-2)/((-5)/(v/(-6))). Suppose o = 150 + w. Is o composite?
True
Let t = 11 - -5. Suppose 4*l = 4*a, 0*l - 5*l = 3*a - t. Suppose -41 = -l*g + 29. Is g composite?
True
Let j = 106 - 218. Let w = 523 + j. Suppose -1487 = -2*t + w. Is t prime?
False
Let u(h) = 376*h**2 - 3*h - 2. Let t(m) = m**2 + m + 1. Let b(p) = 2*t(p) + u(p). Suppose -2*c = 2*z, -6*z + 2*c = -z + 7. Is b(z) composite?
False
Let x be 0/(-3) + 16 - 4. Suppose x + 4 = 8*k. Is k a composite number?
False
Let j = 17884 - 6923. Is j a prime number?
False
Let r = 23 - 16. Let q(c) = c - 14. Let d be q(r). Is 8/(-28) - 660/d prime?
False
Let k = 124 + -121. Suppose 0 = 2*r - r - 2*w - 43, -r = k*w - 58. Is r a composite number?
True
Let j = 878 + -337. Is j a composite number?
False
Suppose -5*l = -820 - 73875. Is l a prime number?
True
Let j(f) = 846*f - 133. Is j(4) a composite number?
False
Suppose 19 = 13*p - 20. Let w(s) = 984*s - 11. Is w(p) a composite number?
True
Suppose -17*y + 15 = -14*y. Suppose -y*m - 37 = -l, 0*l = 5*l - 5*m - 125. Is l composite?
True
Let d = 2867 - -1002. Let v = 1 - -1. Suppose v*g = -4*f - 3*g + d, 0 = -2*f - 4*g + 1930. Is f prime?
True
Let q(c) = -9074*c - 67. Is q(-3) prime?
False
Suppose q + 2*b = 0, -2*b + 0*b + 6 = 4*q. Suppose 0 = 3*l - 0*x + q*x - 1473, 3*x = -9. Is l composite?
True
Suppose 3*u = 5*h + 18, -3*h - 5 = -5*u + 25. Suppose 2*i - 2*c = 248, -u*i - 5*c = -i - 650. Is i a composite number?
False
Suppose 2*y - 5 - 1 = 0. Suppose 245 - 1033 = -2*d. Suppose 3*k - 5*z = d, 0 = k + y*z - z - 113. Is k prime?
False
Let d(j) = -661*j + 257. Is d(-30) prime?
False
Let j(u) = -16*u - 59. Let s be j(-4). Let p be (1 - -2)/((-6)/(-16)). Suppose 3*q - p = -q, -4*t - s*q + 366 = 0. Is t prime?
True
Is ((3/3)/(7/(-153013)))/(-1) a composite number?
False
Suppose -i + 3520 + 4458 = 0. Is i composite?
True
Let s = -103053 - -175790. Is s composite?
True
Suppose -s + 12 = -2*i, 4*i = -3*s + 2*s - 12. Suppose -3*z = -4*q + 192, s*z = 3*q - 0*q - 137. Is q composite?
True
Is 4 - (-3)/6*325038/7 prime?
False
Suppose 4*t = -13*l + 5*l + 394716, 5*t - 49326 = -l. Is l prime?
False
Is (-439)/(2 - -2*(-378)/372) a prime number?
False
Suppose 4*f = 2*p + 3664, -4*f = -0*f - p - 3666. Is f composite?
True
Suppose -2*b - x + 6273 = 0, 5*b = 2*x + 26247 - 10560. Is b a prime number?
True
Suppose 8 = -14*t + 18*t. Suppose -4*d = 2*a - 1220, t*a = -5*d + 850 + 677. Is d a composite number?
False
Is (((-90608)/(-12))/(-14))/(2/(-9)) prime?
False
Let t(q) = 2*q + 451. Suppose 0 = 4*a - a. Is t(a) a composite number?
True
Let q(z) = -z**3 + z**2 - 2. Let v be q(0). Let b = 152 + -69. Is (-4)/v - b*-3 prime?
True
Let j be -4 + 0 - -534 - 3. Let c = j - 274. Is c composite?
True
Let x(l) = -25*l**2 + 3*l - 1. Let c be x(1). Let u = c - -184. Is u composite?
True
Let n(w) = -100*w + 6. Let o be 2*(3/(-6) + 2). Let t be n(o). Let v = 479 + t. Is v a prime number?
False
Suppose 2*r - q - 4*q = 7637, -5*r - q + 19106 = 0. Is r composite?
False
Let o = 14 + -11. Suppose a - 45 = q - 4*a, -o*q + 3*a = 171. Let s = -34 - q. Is s prime?
False
Let k(c) = -2*c**2 + 14*c + 8. Let l be k(19)